 74?
45
Let w = -6 + 13. Suppose 0 = -13*l + w*l + 18. Suppose -s - y - 2*y = -46, 0 = -5*s - l*y + 194. What is the remainder when s is divided by 22?
15
Let y = -20 + 69. Let x = -9 + y. What is the remainder when 155 is divided by x?
35
Suppose 3*z - 4*b - 1140 = 2044, -3*b - 2122 = -2*z. Suppose -14*u + 28*u = z. Calculate the remainder when u is divided by 13.
11
Let o = 3432 + -3338. Calculate the remainder when 517 is divided by o.
47
Let b = -59 + 93. Let t = 3967 - 3959. Calculate the remainder when b is divided by t.
2
What is the remainder when 2539 is divided by 4275/27 + (9/(-45) - (-26)/30)?
154
Let j(v) = v**3 + 9*v**2 + 4*v - 5. Suppose -3124 + 18628 = 76*w. Calculate the remainder when w is divided by j(-7).
9
Let r(s) be the second derivative of -s**4/12 + 8*s**3/3 - 17*s**2/2 - 6*s. Suppose 8*h = h - 0*h + 413. What is the remainder when h is divided by r(12)?
28
Suppose -55 = -3*y - 8*y. Suppose -166 + 36 = -y*f. Calculate the remainder when 45 is divided by f.
19
Let q = 41 + -37. Suppose 7*y = q*y + 162. Calculate the remainder when (y/15)/(((-3)/10)/(-3)) is divided by 10.
6
Let c(v) = v**3 - 20*v**2 + 4. Let w be c(20). Suppose w*m - 4 = 0, l - 3*m = 3*l - 209. Calculate the remainder when l is divided by 9.
4
Let r = 48 + 119. Suppose -5*o - 426 = 2*c, -3*c = -5*o - r - 269. Let x = -84 - o. Calculate the remainder when 8 is divided by x.
0
Suppose 0 = 5*d - x - 32, -7 = 3*x - 2*x. Calculate the remainder when 1014 is divided by d.
4
Suppose -q + 2*p + 2*p = -2434, 5*q + 4*p - 12098 = 0. Calculate the remainder when q is divided by 97.
94
Suppose 12*u - 16*u = -144. Suppose 38 = 3*n - 2*l, 0 = -8*n + 5*n - 4*l + 32. What is the remainder when u is divided by n?
0
Suppose 0 = 4*u + z - 46, -14*z - 9 = -3*u - 19*z. Calculate the remainder when 10462 is divided by u.
10
Let r = 51804 - 51627. Let n(z) = -z**3 + 2*z**2 - 1. What is the remainder when r is divided by n(-2)?
12
Let j = 2602 + -2428. Calculate the remainder when j is divided by -2*1 + (21 - -3).
20
Let r(h) = -h**3 - 8*h**2 - 9*h + 95. What is the remainder when 855 is divided by r(-6)?
8
Let i be 2/(-4) + (-16)/32. Let m = -306 - -389. What is the remainder when m is divided by (-1 - i) + (5 - -12)?
15
Calculate the remainder when 1446 is divided by (22 + -8 - 13)/((-5)/(-580)*2).
54
Let i be 5 - (-7 + (-4)/(-1) - -247). What is the remainder when 9/(-3) - (i + 19) is divided by 37?
32
Let f be (-10)/(-3) - (-2 - (-3)/9). Suppose 5*k + 5*m = 160, 3*k - f*m + m - 96 = 0. What is the remainder when 77 is divided by k?
13
Let t(r) = 17*r + 213. Calculate the remainder when 199 is divided by t(-11).
17
Let q(v) = -v**3 + 4*v**2 + 6*v - 5. Suppose 11*p = 2*p + 45. Suppose -o + p*w + 24 = 0, -4*w = 5*o + w. Calculate the remainder when q(o) is divided by 5.
4
Let b(h) = 8*h**2 - 26*h + 111. Let l be b(10). Let q = 676 - l. What is the remainder when 143 is divided by q?
18
Calculate the remainder when 8276 is divided by 24/(-9)*((-8)/36 + 14099/(-828)).
42
Let d(c) = 6*c**2 + 12*c - 4. Let z be d(-5). Suppose -114 = -r - z. Calculate the remainder when 70 is divided by r.
14
Let m(p) = -p**2 - p. Let f(x) = -6*x**2 - 31*x - 60. Let h(b) = f(b) - 5*m(b). Calculate the remainder when h(-18) is divided by 29.
26
Let g(c) = -c**3 - 9*c - 10 + 3 + 31*c + 12*c**2 - 4. Calculate the remainder when g(13) is divided by 27.
25
Suppose -399 = -4*m - i - 115, 4*i = 4*m - 304. Let a(n) = n**2 + 22*n - 340. What is the remainder when m is divided by a(-33)?
3
What is the remainder when 4617 is divided by ((-252)/24)/((-21)/14)?
4
Let x be ((-99)/6)/((-51)/136). Suppose -x = 3*f - 245. Calculate the remainder when f is divided by 28.
11
Let x = 226 - 430. Let b = -24 - x. Let k = 269 - b. What is the remainder when k is divided by 25?
14
Suppose -5811 + 14 = -140*s + 123*s. Calculate the remainder when 1026 is divided by s.
3
Calculate the remainder when 560 is divided by (6 - 212/4)*(-4)/(9 - 5).
43
Suppose 0 = -4*r - 4*m + 68, -6*r + 2*m = -3*r - 41. Suppose -o + r = -5. Calculate the remainder when 78 is divided by o.
18
Suppose -5*n + 4*m + 337 = 0, 9465*n - 9467*n = 3*m - 190. Suppose -5*a = 5*q - 100, 7*q - 17 = -a + 3*q. What is the remainder when n is divided by a?
14
Let t = -23522 - -23605. Suppose 18 + 56 = 2*b. Calculate the remainder when t is divided by b.
9
Suppose -10*o = -989 - 3561. Suppose 20*v - 7*v = o. What is the remainder when 166 is divided by v?
26
Suppose 8*m - 76 = 27*m. What is the remainder when (m/(-3))/(-2) + (-340)/(-15) is divided by 6?
4
Let p(k) = -k**2 + 8*k - 9. Let w = 112 + -241. Let v = w + 136. What is the remainder when v is divided by p(6)?
1
Let u(a) = 8 - 22*a + 3*a**3 - 2*a**3 + 17*a**2 + 1. Let m be u(-18). Suppose m = 2*z - 309. Calculate the remainder when z is divided by 33.
30
Let d = -18 - -25. Suppose d*v + 90 = -2*v. What is the remainder when 17/((-5)/v - 0) is divided by 9?
7
Calculate the remainder when 105 is divided by (0 + -8 + -2)/(2/(-8)).
25
Suppose -3*z + 19*i = 18*i - 88, -3*i = -5*z + 152. What is the remainder when 2463 is divided by z?
27
Calculate the remainder when ((-1466)/5)/(3/(-150)*4) is divided by 141.
140
Suppose 0 = i - 5 - 28. Suppose 1 = -8*n + i. What is the remainder when 7 is divided by -8 + n + 2 + 4?
1
Suppose -5*c - 3*d = -142, 40*c - 3*d - 92 = 36*c. Calculate the remainder when 102 is divided by c.
24
Suppose 10*o = 2447 - 667. Calculate the remainder when o is divided by 4.
2
Suppose -5*d = -3*f + 18 + 12, 2*d = -6. Suppose f*g + 217 = 787. Suppose 711 = 15*j - g. Calculate the remainder when 106 is divided by j.
51
Suppose -16*j - 15255 + 17525 = -21346. What is the remainder when j is divided by 58?
26
Suppose -41*z = -1683 + 494. What is the remainder when 144 is divided by z?
28
Let a = 1347 - 1316. Calculate the remainder when 607 is divided by a.
18
Suppose -2*p = -197 - 341. Suppose d - p = -85. Calculate the remainder when d is divided by 47.
43
Let i(q) = 2*q**2 - 3*q + 4. Let f be i(-17). Let t = f - 276. What is the remainder when t is divided by 45?
42
Let l = -7 + 9. Let g = 36956 + -36935. Calculate the remainder when 1 + 3/l*122 is divided by g.
16
Suppose -507 - 26 = -6*k + 2023. Calculate the remainder when k is divided by 72.
66
Let t(m) = -m**2 - 4*m + 44. Let v = -9 + 1. What is the remainder when t(v) is divided by 8?
4
Suppose v = -w - 4*w - 2, 0 = 5*w + 15. Let y be (-54)/7 + (-16)/56. Let b = 97 + y. What is the remainder when b is divided by v?
11
Let l be 88/3 + (-4)/3. Let k = l + -23. Suppose 4*s - 8 + 28 = 0, k*o + 2*s = 30. Calculate the remainder when 36 is divided by o.
4
Let i(j) = 366*j - 695. Calculate the remainder when 22125 is divided by i(2).
36
Let o be (-20)/(((-6)/(-9))/1). Let p = -24 - o. Suppose -j - p = -22. What is the remainder when 77 is divided by j?
13
Let b be ((-108)/(-10))/((-6)/700). What is the remainder when ((-12)/(-30))/((-12)/b) is divided by 17?
8
Let j(n) = 58*n - 12. Let w be j(7). Suppose 106 = -10*l - w. Calculate the remainder when 287 is divided by -5 - (-10)/(l/(-315)).
55
Let v = -617 - -620. Suppose 473 = 5*w + v*o, 217 = 4*w + 4*o - 163. What is the remainder when w is divided by 11?
6
Suppose 3*g - 2*c = -c + 257, 4*g = c + 344. Calculate the remainder when (g/6)/((-1)/(-10)) is divided by 37.
34
Let m(w) = 15*w - 7. Let j be m(2). Suppose 0 = 5*y + n, 4*n + j = 3*y - 0*y. Calculate the remainder when 3/y*24 + 0 is divided by 38.
34
Calculate the remainder when 353 is divided by ((-5445)/(-315))/(-3 + (-88)/(-28)).
111
What is the remainder when 6099 is divided by (79/(-474))/(((-1)/(-9))/(872/(-12)))?
104
Calculate the remainder when (50/(-300))/(-1 - (-3290)/(-1644) - -3) is divided by 15.
2
Let n be (-24)/((0 - 2)*1). Suppose 4*f - 9*a + 4 = -5*a, -4*a + n = 0. Calculate the remainder when f is divided by 1.
0
Let g(n) = -2*n**3 + 23*n**2 - 13*n + 13. Let a be g(11). Calculate the remainder when 193 is divided by a/(-12)*1 - 965/(-20).
46
Let w(i) = 2*i**2 + 9*i - 6. Suppose -32*h + 18*h = -182. Calculate the remainder when w(h) is divided by 50.
49
Let k be 1076/6 + 96/36. Suppose -40*f = -54*f + k. What is the remainder when 126 is divided by f?
9
Let g(d) be the first derivative of -d**4/4 - 5*d**3/3 - 5*d**2